{"id":49,"date":"2025-09-22T22:38:28","date_gmt":"2025-09-22T20:38:28","guid":{"rendered":"https:\/\/tomascz.com\/?page_id=49"},"modified":"2025-09-22T22:38:29","modified_gmt":"2025-09-22T20:38:29","slug":"contacto","status":"publish","type":"page","link":"https:\/\/tomascz.com\/index.php\/contacto\/","title":{"rendered":"Contacto"},"content":{"rendered":"\n<h2 class=\"wp-block-heading\">Contacto y colaboraciones<\/h2>\n\n\n\n<p>\u00bfTienes una idea, quieres patrocinar un torneo o proponer un mapa tem\u00e1tico? \u00a1Hablemos!<\/p>\n\n\n\n<h3 class=\"wp-block-heading\">Escr\u00edbeme<\/h3>\n\n\n\n<ul class=\"wp-block-list\">\n<li><strong>Email:<\/strong> <a>contacto@tomascz.com<\/a><\/li>\n\n\n\n<li>O usa el <strong>formulario<\/strong> de esta p\u00e1gina (si lo ves).<\/li>\n<\/ul>\n\n\n\n<h3 class=\"wp-block-heading\">Qu\u00e9 tipo de mensajes recibo<\/h3>\n\n\n\n<ul class=\"wp-block-list\">\n<li><strong>Colaboraciones con marcas<\/strong> (eventos, retos, torneos, mapas patrocinados).<\/li>\n\n\n\n<li><strong>Creadores y streamers<\/strong> buscando mapas para directos o v\u00eddeos.<\/li>\n\n\n\n<li><strong>Medios\/press<\/strong> para entrevistas o cobertura.<\/li>\n\n\n\n<li><strong>Comunidad<\/strong>: feedback y propuestas de mejora.<\/li>\n<\/ul>\n\n\n\n<p><strong>Nota de privacidad:<\/strong> Usar\u00e9 tus datos solo para responder a tu consulta. Si quieres que borre tu mensaje y datos, ind\u00edcalo en el asunto.<\/p>\n","protected":false},"excerpt":{"rendered":"<p>Contacto y colaboraciones \u00bfTienes una idea, quieres patrocinar un torneo o proponer un mapa tem\u00e1tico? \u00a1Hablemos! Escr\u00edbeme Qu\u00e9 tipo de mensajes recibo Nota de privacidad: Usar\u00e9 tus datos solo para responder a tu consulta. Si quieres que borre tu mensaje y datos, ind\u00edcalo en el asunto.<\/p>\n","protected":false},"author":1,"featured_media":0,"parent":0,"menu_order":0,"comment_status":"closed","ping_status":"closed","template":"","meta":{"_acf_changed":false,"footnotes":""},"class_list":["post-49","page","type-page","status-publish","hentry"],"acf":[],"yoast_head":"<!-- This site is optimized with the Yoast SEO plugin v27.0 - https:\/\/yoast.com\/product\/yoast-seo-wordpress\/ -->\n<title>Contacto - TomasCz<\/title>\n<meta name=\"robots\" content=\"index, follow, max-snippet:-1, max-image-preview:large, max-video-preview:-1\" \/>\n<link rel=\"canonical\" href=\"https:\/\/tomascz.com\/index.php\/contacto\/\" \/>\n<meta property=\"og:locale\" content=\"es_ES\" \/>\n<meta property=\"og:type\" content=\"article\" \/>\n<meta property=\"og:title\" content=\"Contacto - TomasCz\" \/>\n<meta property=\"og:description\" content=\"Contacto y colaboraciones \u00bfTienes una idea, quieres patrocinar un torneo o proponer un mapa tem\u00e1tico? \u00a1Hablemos! Escr\u00edbeme Qu\u00e9 tipo de mensajes recibo Nota de privacidad: Usar\u00e9 tus datos solo para responder a tu consulta. Si quieres que borre tu mensaje y datos, ind\u00edcalo en el asunto.\" \/>\n<meta property=\"og:url\" content=\"https:\/\/tomascz.com\/index.php\/contacto\/\" \/>\n<meta property=\"og:site_name\" content=\"TomasCz\" \/>\n<meta property=\"article:modified_time\" content=\"2025-09-22T20:38:29+00:00\" \/>\n<meta name=\"twitter:card\" content=\"summary_large_image\" \/>\n<meta name=\"twitter:label1\" content=\"Tiempo de lectura\" \/>\n\t<meta name=\"twitter:data1\" content=\"1 minuto\" \/>\n<script type=\"application\/ld+json\" class=\"yoast-schema-graph\">{\"@context\":\"https:\/\/schema.org\",\"@graph\":[{\"@type\":\"WebPage\",\"@id\":\"https:\/\/tomascz.com\/index.php\/contacto\/\",\"url\":\"https:\/\/tomascz.com\/index.php\/contacto\/\",\"name\":\"Contacto - TomasCz\",\"isPartOf\":{\"@id\":\"https:\/\/tomascz.com\/#website\"},\"datePublished\":\"2025-09-22T20:38:28+00:00\",\"dateModified\":\"2025-09-22T20:38:29+00:00\",\"breadcrumb\":{\"@id\":\"https:\/\/tomascz.com\/index.php\/contacto\/#breadcrumb\"},\"inLanguage\":\"es\",\"potentialAction\":[{\"@type\":\"ReadAction\",\"target\":[\"https:\/\/tomascz.com\/index.php\/contacto\/\"]}]},{\"@type\":\"BreadcrumbList\",\"@id\":\"https:\/\/tomascz.com\/index.php\/contacto\/#breadcrumb\",\"itemListElement\":[{\"@type\":\"ListItem\",\"position\":1,\"name\":\"Portada\",\"item\":\"https:\/\/tomascz.com\/\"},{\"@type\":\"ListItem\",\"position\":2,\"name\":\"Contacto\"}]},{\"@type\":\"WebSite\",\"@id\":\"https:\/\/tomascz.com\/#website\",\"url\":\"https:\/\/tomascz.com\/\",\"name\":\"TomasCz\",\"description\":\"\",\"publisher\":{\"@id\":\"https:\/\/tomascz.com\/#organization\"},\"potentialAction\":[{\"@type\":\"SearchAction\",\"target\":{\"@type\":\"EntryPoint\",\"urlTemplate\":\"https:\/\/tomascz.com\/?s={search_term_string}\"},\"query-input\":{\"@type\":\"PropertyValueSpecification\",\"valueRequired\":true,\"valueName\":\"search_term_string\"}}],\"inLanguage\":\"es\"},{\"@type\":\"Organization\",\"@id\":\"https:\/\/tomascz.com\/#organization\",\"name\":\"TomasCz\",\"url\":\"https:\/\/tomascz.com\/\",\"logo\":{\"@type\":\"ImageObject\",\"inLanguage\":\"es\",\"@id\":\"https:\/\/tomascz.com\/#\/schema\/logo\/image\/\",\"url\":\"https:\/\/tomascz.com\/wp-content\/uploads\/2025\/09\/cropped-logo_tcz.png\",\"contentUrl\":\"https:\/\/tomascz.com\/wp-content\/uploads\/2025\/09\/cropped-logo_tcz.png\",\"width\":512,\"height\":512,\"caption\":\"TomasCz\"},\"image\":{\"@id\":\"https:\/\/tomascz.com\/#\/schema\/logo\/image\/\"}}]}<\/script>\n<!-- \/ Yoast SEO plugin. -->","yoast_head_json":{"title":"Contacto - TomasCz","robots":{"index":"index","follow":"follow","max-snippet":"max-snippet:-1","max-image-preview":"max-image-preview:large","max-video-preview":"max-video-preview:-1"},"canonical":"https:\/\/tomascz.com\/index.php\/contacto\/","og_locale":"es_ES","og_type":"article","og_title":"Contacto - TomasCz","og_description":"Contacto y colaboraciones \u00bfTienes una idea, quieres patrocinar un torneo o proponer un mapa tem\u00e1tico? \u00a1Hablemos! Escr\u00edbeme Qu\u00e9 tipo de mensajes recibo Nota de privacidad: Usar\u00e9 tus datos solo para responder a tu consulta. Si quieres que borre tu mensaje y datos, ind\u00edcalo en el asunto.","og_url":"https:\/\/tomascz.com\/index.php\/contacto\/","og_site_name":"TomasCz","article_modified_time":"2025-09-22T20:38:29+00:00","twitter_card":"summary_large_image","twitter_misc":{"Tiempo de lectura":"1 minuto"},"schema":{"@context":"https:\/\/schema.org","@graph":[{"@type":"WebPage","@id":"https:\/\/tomascz.com\/index.php\/contacto\/","url":"https:\/\/tomascz.com\/index.php\/contacto\/","name":"Contacto - TomasCz","isPartOf":{"@id":"https:\/\/tomascz.com\/#website"},"datePublished":"2025-09-22T20:38:28+00:00","dateModified":"2025-09-22T20:38:29+00:00","breadcrumb":{"@id":"https:\/\/tomascz.com\/index.php\/contacto\/#breadcrumb"},"inLanguage":"es","potentialAction":[{"@type":"ReadAction","target":["https:\/\/tomascz.com\/index.php\/contacto\/"]}]},{"@type":"BreadcrumbList","@id":"https:\/\/tomascz.com\/index.php\/contacto\/#breadcrumb","itemListElement":[{"@type":"ListItem","position":1,"name":"Portada","item":"https:\/\/tomascz.com\/"},{"@type":"ListItem","position":2,"name":"Contacto"}]},{"@type":"WebSite","@id":"https:\/\/tomascz.com\/#website","url":"https:\/\/tomascz.com\/","name":"TomasCz","description":"","publisher":{"@id":"https:\/\/tomascz.com\/#organization"},"potentialAction":[{"@type":"SearchAction","target":{"@type":"EntryPoint","urlTemplate":"https:\/\/tomascz.com\/?s={search_term_string}"},"query-input":{"@type":"PropertyValueSpecification","valueRequired":true,"valueName":"search_term_string"}}],"inLanguage":"es"},{"@type":"Organization","@id":"https:\/\/tomascz.com\/#organization","name":"TomasCz","url":"https:\/\/tomascz.com\/","logo":{"@type":"ImageObject","inLanguage":"es","@id":"https:\/\/tomascz.com\/#\/schema\/logo\/image\/","url":"https:\/\/tomascz.com\/wp-content\/uploads\/2025\/09\/cropped-logo_tcz.png","contentUrl":"https:\/\/tomascz.com\/wp-content\/uploads\/2025\/09\/cropped-logo_tcz.png","width":512,"height":512,"caption":"TomasCz"},"image":{"@id":"https:\/\/tomascz.com\/#\/schema\/logo\/image\/"}}]}},"jetpack_sharing_enabled":true,"_links":{"self":[{"href":"https:\/\/tomascz.com\/index.php\/wp-json\/wp\/v2\/pages\/49","targetHints":{"allow":["GET"]}}],"collection":[{"href":"https:\/\/tomascz.com\/index.php\/wp-json\/wp\/v2\/pages"}],"about":[{"href":"https:\/\/tomascz.com\/index.php\/wp-json\/wp\/v2\/types\/page"}],"author":[{"embeddable":true,"href":"https:\/\/tomascz.com\/index.php\/wp-json\/wp\/v2\/users\/1"}],"replies":[{"embeddable":true,"href":"https:\/\/tomascz.com\/index.php\/wp-json\/wp\/v2\/comments?post=49"}],"version-history":[{"count":1,"href":"https:\/\/tomascz.com\/index.php\/wp-json\/wp\/v2\/pages\/49\/revisions"}],"predecessor-version":[{"id":51,"href":"https:\/\/tomascz.com\/index.php\/wp-json\/wp\/v2\/pages\/49\/revisions\/51"}],"wp:attachment":[{"href":"https:\/\/tomascz.com\/index.php\/wp-json\/wp\/v2\/media?parent=49"}],"curies":[{"name":"wp","href":"https:\/\/api.w.org\/{rel}","templated":true}]}}